16?
False
Does 296 divide 34488398?
False
Is 1831724590 a multiple of 380?
False
Is 657 a factor of 1674945989?
False
Does 113 divide 2623165?
False
Does 11 divide 1825634822?
True
Does 92 divide 96723924?
True
Is 223335039 a multiple of 307?
False
Does 2673 divide 601322282?
False
Is 996496644 a multiple of 72?
False
Is 55124783 a multiple of 515?
False
Is 3 a factor of 18700611?
True
Is 62 a factor of 697405698?
True
Does 302 divide 88741190?
True
Is 162 a factor of 423823752?
True
Is 9 a factor of 1352543121?
True
Is 1164499592 a multiple of 395?
False
Is 19069948 a multiple of 269?
True
Is 36 a factor of 108617112?
True
Is 493 a factor of 45996484?
False
Is 24140909 a multiple of 803?
False
Does 4 divide 865958751?
False
Is 56 a factor of 36289344?
True
Is 453230070 a multiple of 644?
False
Does 91 divide 268664578?
True
Is 415 a factor of 3344012427?
False
Is 95905034 a multiple of 23?
False
Does 11 divide 58307062?
True
Does 412 divide 36347052?
True
Is 634188306 a multiple of 14?
False
Does 104 divide 54333087?
False
Is 10 a factor of 22399575?
False
Is 9 a factor of 3372831054?
True
Does 8 divide 75977416?
True
Is 6677535005 a multiple of 1580?
False
Is 2567369911 a multiple of 20?
False
Is 47170823 a multiple of 7?
True
Does 2 divide 21563182?
True
Is 84237132 a multiple of 23?
True
Does 65 divide 1711125?
True
Does 7 divide 968682909?
False
Is 1840688 a multiple of 8?
True
Does 19 divide 6350013?
False
Does 829 divide 2806266?
False
Does 429 divide 780035685?
True
Is 2027 a factor of 1243888041?
False
Is 1520 a factor of 217166219?
False
Is 73 a factor of 12999229?
False
Is 340971290 a multiple of 1910?
True
Does 1320 divide 1440745774?
False
Is 185024168 a multiple of 7?
True
Is 2131 a factor of 167953809?
False
Is 2082 a factor of 1784873616?
True
Is 42734420 a multiple of 393?
False
Is 20761 a multiple of 28?
False
Does 114 divide 280642270?
False
Does 16 divide 2233224911?
False
Is 427353811 a multiple of 997?
False
Is 1933560 a multiple of 120?
True
Does 7 divide 21459901?
False
Is 2772000 a multiple of 60?
True
Is 3159810 a multiple of 39?
False
Does 52 divide 155239916?
True
Is 322 a factor of 122710980?
True
Does 5599 divide 5546167836?
True
Is 497 a factor of 48886145?
False
Does 14 divide 4197648630?
True
Is 694792211 a multiple of 93?
False
Does 26 divide 388874143?
False
Does 6 divide 361136712?
True
Is 1447327156 a multiple of 11?
True
Is 59827800 a multiple of 120?
True
Is 1801 a factor of 231996428?
False
Is 114052833 a multiple of 333?
True
Is 2190692 a multiple of 163?
False
Is 32 a factor of 358886294?
False
Does 71 divide 123146873?
True
Does 1139 divide 6241006?
False
Is 1009757 even?
False
Is 1860 a factor of 289042193?
False
Is 165 a factor of 562118900?
False
Is 85553482 a multiple of 841?
False
Is 5262551520 a multiple of 210?
False
Is 538070181 a multiple of 4720?
False
Is 60785619 a multiple of 60?
False
Is 8377390 a multiple of 55?
False
Is 542531395 a multiple of 5?
True
Does 785 divide 49287010?
True
Does 311 divide 347884651?
False
Is 7 a factor of 23560784?
False
Is 297 a factor of 334529514?
True
Does 268 divide 31309390?
False
Does 1224 divide 108727920?
True
Is 13 a factor of 1479061156?
False
Is 397 a factor of 2649578?
True
Does 68 divide 1586472436?
True
Is 273 a factor of 56989152?
False
Is 1911726 a multiple of 4?
False
Is 566582269 a multiple of 137?
True
Does 272 divide 109768320?
True
Is 31 a factor of 1017025649?
True
Is 61922540 a multiple of 10?
True
Is 4316658590 a multiple of 9100?
False
Is 31845180 a multiple of 30?
True
Is 2 a factor of 49764691?
False
Is 35 a factor of 179087726?
False
Does 230 divide 3041750?
True
Is 158 a factor of 4564778?
True
Is 96161600 a multiple of 4?
True
Is 216 a factor of 474148944?
True
Is 3337762908 a multiple of 8?
False
Does 441 divide 37039997?
False
Is 51 a factor of 782922624?
True
Is 48 a factor of 798914251?
False
Is 156108655 a multiple of 16?
False
Does 1170 divide 317998046?
False
Does 58 divide 4397212?
True
Is 171335994 a multiple of 447?
True
Does 1353 divide 201038849?
False
Does 149 divide 31298250?
False
Is 619 a factor of 278403108?
False
Does 710 divide 7959931?
False
Is 627 a factor of 615087?
True
Is 11 a factor of 268571248?
True
Is 41154320 a multiple of 40?
True
Is 14 a factor of 131508720?
True
Is 54 a factor of 19020042?
True
Is 25122128 a multiple of 862?
True
Is 1072327605 a multiple of 15?
True
Does 39 divide 71516445?
True
Is 487 a factor of 26594943?
False
Is 71815888 a multiple of 796?
False
Is 55097138 a multiple of 128?
False
Is 86 a factor of 32204141?
False
Does 153 divide 4098258?
True
Is 1949 a factor of 102803306?
False
Is 878 a factor of 1403027406?
False
Is 1115 a factor of 207625265?
True
Is 548730064 a multiple of 2872?
True
Is 21 a factor of 3467273408?
False
Does 13 divide 1516263615?
False
Does 16 divide 1334345472?
True
Is 483913566 a multiple of 6?
True
Is 58367520 a multiple of 49?
False
Is 80882158 a multiple of 12?
False
Is 51852518 a multiple of 362?
True
Is 509 a factor of 64093280?
True
Does 27 divide 1435390362?
True
Is 3 a factor of 179665844?
False
Does 85 divide 164542830?
True
Is 19 a factor of 18171467?
True
Is 64 a factor of 19703958?
False
Is 162506904 a multiple of 4?
True
Is 33 a factor of 11157445?
False
Does 37 divide 4303988?
True
Does 4 divide 134386232?
True
Does 14 divide 865665780?
True
Does 10 divide 38524515?
False
Is 16189432 a multiple of 376?
True
Is 28 a factor of 1288957236?
True
Is 2624 a factor of 15902967?
False
Does 130 divide 13736060?
True
Is 156769399 a multiple of 3534?
False
Does 234 divide 143916786?
True
Is 9 a factor of 319297626?
True
Is 14861005 a multiple of 905?
True
Is 5984824725 a multiple of 23?
False
Does 7712 divide 276214550?
False
Is 152728 a multiple of 17?
True
Is 946 a factor of 2430274?
True
Is 65495619 a multiple of 72?
False
Is 14325051 a multiple of 4?
False
Is 82057048 a multiple of 76?
True
Is 200045253 a multiple of 131?
True
Is 210220 a multiple of 5?
True
Is 46356171 a multiple of 3862?
False
Is 70 a factor of 26442010?
True
Is 703 a factor of 23061915?
True
Is 249 a factor of 38956548?
True
Is 4 a factor of 207316888?
True
Does 30 divide 1601591055?
False
Does 2460 divide 797896080?
True
Is 3541415790 a multiple of 22?
True
Does 119 divide 643306979?
True
Is 24 a factor of 69082686?
False
Is 84 a factor of 37416372?
True
Does 354 divide 15797670?
False
Is 19171736 a multiple of 2045?
False
Is 36365328 a multiple of 54?
True
Is 1016 a factor of 1622503232?
True
Is 22161873 a multiple of 3?
True
Is 81 a factor of 47985129?
True
Does 424 divide 1026781422?
False
Does 35 divide 30291727?
False
Does 245 divide 160909542?
False
Does 10 divide 3910302346?
False
Is 2083 a factor of 151790293?
True
Is 33586276 a multiple of 2273?
False
Is 2636 a factor of 458065628?
True
Is 576 a factor of 37335541?
False
Is 221 a factor of 475738081?
True
Is 4145 a factor of 154958670?
False
Does 344 divide 273429399?
False
Is 3126 a factor of 299566059?
False
Does 19 divide 1300360?
True
Is 6162315 a multiple of 3?
True
Is 742980720 a multiple of 1488?
True
Is 47 a factor of 40099803?
False
Is 1830 a factor of 798064899?
False
Does 13 divide 254753866?
False
Does 91 divide 65059904?
True
Does 358 divide 280673790?
True
Does 574 divide 152525576?
True
Is 13780954 a multiple of 15?
False
Is 78139999 a multiple of 5131?
True
Is 855 a factor of 84720266?
False
Is 32515790 a multiple of 2594?
True
Does 34 divide 16726572?
True
Does 42 divide 73012335?
False
Is 76 a factor of 79436131?
False
Is 21 a factor of 1745791076?
False
Is 77 a factor of 374387149?
False
Does 8 divide 1101593?
False
Does 6 divide 377973066?
True
Is 316162839 a multiple of 7?
False
Does 15 divide 2467101780?
True
Is 21992025 a multiple of 1159?
True
Is 1414 a factor of 43604932?
True
Is 318027701 a multiple of 759?
False
Does 46 divide 862724296?
True
Is 23215871 a multiple of 12?
False
Is 22 a factor of 25994210?
True
Does 11 divide 2667852?
True
Does 591 divide 618777?
True
Is 3 a factor of 463447?
False
Does 9 divide 376088122?
False
Is 73640857 a multiple of 16?
False
Does 433 divide 2226053?
True
Is 36 a factor of 7243544556?
True
Does 39 divide 188192472?
True
Is 303 a factor of 11275228?
F